*s = 58. Calculate the greatest common divisor of 115 and k.
23
Let f = 21733 + -21670. Calculate the highest common factor of 1015 and f.
7
Suppose -5*i = -5*s - 15, 2*i - 8 = 6*i + s. Let b be (i + -15)*((-243)/36)/9. What is the greatest common factor of b and 42?
6
Suppose z = -l + 63, -5*z + l + 164 + 145 = 0. Suppose d - 11 = 13*q - 9*q, -4*d = -2*q - 114. What is the highest common divisor of z and d?
31
Suppose 18*p - 30*p = -4584. Suppose -3*a - 49 = -p. What is the highest common divisor of 74 and a?
37
Let d = 45 + -29. Let b(o) = 2*o**2 - 9*o - 3. Let p = 20 + -13. Let m be b(p). What is the greatest common factor of m and d?
16
Let s = -2451 + 5190. What is the greatest common divisor of s and 66?
33
Let l = 1300 - -1365. What is the highest common factor of 195 and l?
65
Let t = 17 - -16. Let s = -213 - -1055. Suppose -2*k + s - 798 = 0. What is the highest common divisor of k and t?
11
Let z(r) = r**2 - 104*r - 145. Let v be z(-46). What is the highest common factor of v and 35?
35
Suppose -6*x + 820 = -3*x + a, 0 = -4*x + 4*a + 1120. Suppose -2*j - 3*j = -x. Suppose -5*c = -j - 85. Calculate the greatest common factor of c and 140.
28
Let v(q) = -q**2 - 8*q - 8. Let w be v(-6). Let c(l) = 13*l + 128. Let x be c(-11). Let z be 68 - (x/3 + w). What is the greatest common factor of z and 46?
23
Let j(x) = -x**3 - 4*x**2 - x + 4. Let g be j(-4). Let i = -183 - -208. Let l = i + 47. Calculate the greatest common factor of g and l.
8
Let f(w) = -51*w + 156 - 34*w + 8*w**2 - 10*w**2. Let b be f(-44). Let m(t) = 2*t**2 - t - 4. Let l be m(4). What is the highest common factor of b and l?
24
Let z = -379 - -391. Let n(v) = v**3 - 11*v**2 - 4*v - 38. Let b be n(z). Calculate the highest common factor of b and 1856.
58
Suppose 19*f = -0*f + 279490. What is the greatest common factor of f and 10?
10
Let l = 397 - 404. Let v(k) = k**3 + 6*k**2 - 16*k - 13. Let m be v(l). What is the greatest common divisor of m and 425?
25
Let o be 3 + 1534 + (-11)/1 + 36 + -26. Calculate the greatest common factor of o and 108.
12
Suppose -1562 = 12*w - 23*w. Let l = w + 95. What is the highest common factor of l and 158?
79
Let m be (-145)/(-10) + ((-29)/116)/((-1)/2). Calculate the greatest common divisor of m and 1095.
15
Suppose -3*l = -2*t - 52, 5*l = 3*t + 122 - 35. What is the highest common factor of l and 1566?
18
Let q(p) = p**2 - 269*p - 1915. Let n be q(-7). What is the greatest common divisor of n and 25?
1
Suppose -22 = -y - 19. Suppose 0 = -2*n + 5*v + 56, -n - 5*v + 46 = -y*v. Let m = -26 + n. What is the highest common divisor of m and 9?
3
Let a(v) = 2*v**2 + 3*v - 12. Let f = -33 - -37. Suppose 0*m = f*m, -5*p - 35 = 2*m. Let c be a(p). Calculate the greatest common factor of 26 and c.
13
Let t(q) = 3*q - 4 - 4*q - q + q**2 + 3*q. Let r be t(-4). Let g be 0 + (-1 - -1) - -12. What is the highest common divisor of g and r?
4
Let u = -223 + 238. Suppose 0 = -4*k + q + 288 + 709, 3*q = -u. Suppose 17 = -2*d - 3*y + 67, -3*y = -2*d + 74. What is the greatest common divisor of k and d?
31
Let x be (-3)/1*20/(-6). Let j(c) = 2*c**2 - 54*c - 238. Let a be j(-4). What is the greatest common factor of a and x?
10
Let b(a) = 37 - 2*a + a + 3*a - 4*a. Let o be b(16). Let h be ((-4)/(-5))/(1308/260 - o). What is the greatest common divisor of h and 13?
13
Suppose -9*r + 15*r = 24. Suppose 3*g + 6 = -r*z, 3 = z + 6. Suppose -q - 6 = -0*y - y, -4*q + 8 = 4*y. What is the greatest common factor of g and y?
2
Suppose 12 + 18 = 10*r. Suppose -r*c + 3 + 3 = 0. Let l be 15/c*-16*(-4)/8. Calculate the highest common factor of l and 36.
12
Suppose 0*j = -4*j + 72. Suppose 115 = 4*w + 99. Suppose 436 = 3*y - r + 3*r, -w*r + 152 = y. Calculate the highest common factor of j and y.
18
Let f(w) = 10*w**2 + 29*w - 4. Let l be f(-4). Let v(s) = -s**2 + 43*s - 102. Let q be v(l). Calculate the highest common divisor of 459 and q.
9
Let t be 22 - 26 - (-1 + -2)*2. Suppose -148 + 30 = -t*x + 2*m, x = 2*m + 64. Calculate the greatest common divisor of x and 126.
18
Let s = -112 + 305. Let t = s - 123. Suppose 4*k - k = -5*o + 152, o - 44 = -4*k. Calculate the greatest common factor of o and t.
14
Let m = 475 - 175. Suppose -8*a = -m + 4. Let n = 44 - a. Calculate the greatest common divisor of 112 and n.
7
Let h = -4753 + 4809. Calculate the greatest common factor of h and 1064.
56
Let q(a) = -59 + 9*a**2 - 29*a**2 + 16*a**2 + 5*a**2 + 15*a. Let y be q(4). What is the highest common divisor of 391 and y?
17
Let l = -470 + 473. Suppose -2*y + 62 = -u + 60, l*y = -4*u + 47. What is the highest common divisor of u and 7?
1
Suppose -4*o - z = -250, 3*o - 2*z = 228 - 24. Calculate the highest common factor of o and 12512.
32
Let q = 1968 - 1583. What is the highest common divisor of 539 and q?
77
Let i = 3166 + -3094. Calculate the greatest common factor of i and 72.
72
Let t = 547 + -304. Let o(n) = 3*n + 3 - 24 - 6*n - 2*n + n. Let y be o(-12). What is the highest common factor of t and y?
27
Let j be -95*1 + 2 + -2. Let u = j - -147. What is the greatest common divisor of 169 and u?
13
Let o(t) = 6*t**3 - 4*t**2 - 2*t + 2. Let m be o(4). Let i be (-12)/2*(-75)/225. Suppose -i*x + m = -82. Calculate the highest common divisor of 22 and x.
22
Suppose -78*k + 54 = -76*k. Suppose -231 = -2*b - k. Calculate the greatest common factor of b and 34.
34
Suppose 17*m + 757 + 1538 = 0. Let u be (-19)/(-2) - m/(-54). Suppose -d + 139 = 2*j + 2*d, -2*d + 221 = 3*j. Calculate the greatest common divisor of j and u.
7
Suppose 5*h - 9*h + 12 = 0. Suppose -2*z = h*z + 2*x - 80, 0 = -5*z + 5*x + 115. Calculate the highest common divisor of 99 and z.
9
Let q = -89467 + 89484. Let p(l) = -l**2 - l + 17. Let r be p(0). Calculate the greatest common factor of q and r.
17
Let o = 189 + -141. Let b = 68 - o. What is the highest common divisor of b and 160?
20
Let b(c) = c**3 - 37*c + 21. Let i be b(6). What is the highest common factor of i and 456?
3
Suppose -2*m = 2*j + 14 - 2, 0 = 3*m - 9*j - 90. Suppose 5 = 2*i - 3*u, -7 = -5*i + 2*i + 4*u. Let n = i - -2. What is the highest common divisor of n and m?
3
Let p(k) = 29*k + 188. Let i be p(25). Suppose 2*v - 5*j = 191, -5*v + 0*v + 4*j = -435. What is the highest common factor of i and v?
83
Let u = 2266 - 1645. Calculate the highest common divisor of u and 23.
23
Suppose -3*m = -2*y - 822, 0 = 5*m - 79*y + 82*y - 1408. Calculate the greatest common divisor of 834 and m.
278
Suppose 2 + 50 = 4*n. Let o(f) = -63 + 110 - 338 + 28*f + 0*f + 2*f. Let v be o(11). Calculate the highest common divisor of n and v.
13
Suppose 61*j - 315 = 110*j - 58*j. What is the highest common factor of j and 28945?
35
Let i be (-356)/(-24) - (-60)/(-72) - 1. Calculate the greatest common divisor of i and 39.
13
Suppose -7 = c - 8*q + 6*q, 20 = 5*c + q. Let x(o) = 27*o - 6. Let s be x(c). Calculate the highest common factor of 25 and s.
25
Suppose -43 + 4 = -3*f. Suppose 0 = f*g - 153 - 445. What is the highest common factor of g and 115?
23
Let i be 1 + -1 - (-12 + 2/1). Suppose i*y - 5 = 9*y. Calculate the highest common divisor of y and 5.
5
Let g = 23804 - 23776. Calculate the greatest common divisor of g and 896.
28
Let p be ((9 - 13)/4)/((-2)/(-298)). Let d = p - -468. Calculate the highest common divisor of d and 11.
11
Let x = 636 + -330. Let z be -8 + (-3 - (-12 + -4)) + 5 + 24. What is the greatest common divisor of z and x?
34
Suppose -7 = 5*l - 3*q - 994, -l + 199 = -q. What is the highest common divisor of l and 546?
39
Let r = -132 - -328. Suppose -d - 46 = -r. Let q = -243 - -273. What is the highest common factor of q and d?
30
Let f be 1 - (2 - -1 - -13). Let b(u) = -u**3 - 15*u**2 - 3*u + 4. Let d be b(f). Let v = d - 18. What is the greatest common divisor of v and 217?
31
Let u(c) = 58*c**3 + c. Suppose 0 = -54*o + 64*o - 10. Let n be u(o). What is the highest common divisor of n and 649?
59
Suppose 0 = 288*x - 390*x + 756942. Calculate the highest common divisor of x and 181.
181
Let a be 4 + -11 - -21*108. Let l be a/38 + (15/6)/(-5). What is the greatest common factor of l and 295?
59
Let m = 10 - 0. Let f(r) = 9 + 1229*r - m + 11 - 1212*r. Let p be f(10). Calculate the highest common factor of p and 15.
15
Suppose -6*a + 22 - 412 = 0. L